
Calculate the remainder when 241 is divided by 46.
11
Calculate the remainder when 1914 is divided by 387.
366
Calculate the remainder when 170 is divided by 74.
22
Calculate the remainder when 66 is divided by 34.
32
What is the remainder when 139 is divided by 37?
28
Calculate the remainder when 168 is divided by 46.
30
What is the remainder when 142 is divided by 35?
2
What is the remainder when 134 is divided by 73?
61
What is the remainder when 316 is divided by 80?
76
Calculate the remainder when 632 is divided by 41.
17
Calculate the remainder when 67 is divided by 53.
14
Calculate the remainder when 260 is divided by 11.
7
What is the remainder when 462 is divided by 219?
24
Calculate the remainder when 611 is divided by 135.
71
What is the remainder when 221 is divided by 72?
5
Calculate the remainder when 5874 is divided by 52.
50
Calculate the remainder when 1661 is divided by 208.
205
Calculate the remainder when 24 is divided by 6.
0
Calculate the remainder when 17 is divided by 4.
1
Calculate the remainder when 119 is divided by 12.
11
Calculate the remainder when 3103 is divided by 124.
3
Calculate the remainder when 552 is divided by 37.
34
Calculate the remainder when 83 is divided by 83.
0
Calculate the remainder when 75 is divided by 23.
6
Calculate the remainder when 2223 is divided by 170.
13
Calculate the remainder when 2752 is divided by 73.
51
Calculate the remainder when 359 is divided by 123.
113
Calculate the remainder when 580 is divided by 11.
8
Calculate the remainder when 2037 is divided by 51.
48
What is the remainder when 18 is divided by 12?
6
What is the remainder when 439 is divided by 32?
23
Calculate the remainder when 42480 is divided by 21.
18
What is the remainder when 898 is divided by 60?
58
Calculate the remainder when 175 is divided by 49.
28
What is the remainder when 10 is divided by 3?
1
Calculate the remainder when 167 is divided by 56.
55
What is the remainder when 85 is divided by 19?
9
Calculate the remainder when 150 is divided by 32.
22
What is the remainder when 716 is divided by 90?
86
What is the remainder when 316 is divided by 64?
60
Calculate the remainder when 793 is divided by 133.
128
What is the remainder when 5564 is divided by 53?
52
What is the remainder when 47945 is divided by 122?
121
Calculate the remainder when 717 is divided by 244.
229
What is the remainder when 73 is divided by 27?
19
What is the remainder when 210 is divided by 106?
104
Calculate the remainder when 4966 is divided by 12.
10
What is the remainder when 152 is divided by 87?
65
What is the remainder when 58 is divided by 32?
26
Calculate the remainder when 282 is divided by 142.
140
Calculate the remainder when 1354 is divided by 20.
14
Calculate the remainder when 14622 is divided by 195.
192
What is the remainder when 2255 is divided by 96?
47
What is the remainder when 283 is divided by 42?
31
What is the remainder when 180 is divided by 14?
12
Calculate the remainder when 70 is divided by 27.
16
What is the remainder when 486 is divided by 43?
13
Calculate the remainder when 516 is divided by 133.
117
Calculate the remainder when 30913 is divided by 59.
56
What is the remainder when 265 is divided by 128?
9
Calculate the remainder when 1137 is divided by 134.
65
What is the remainder when 881 is divided by 93?
44
Calculate the remainder when 467 is divided by 67.
65
Calculate the remainder when 49 is divided by 13.
10
Calculate the remainder when 481 is divided by 41.
30
Calculate the remainder when 6280 is divided by 11.
10
Calculate the remainder when 5551 is divided by 27.
16
Calculate the remainder when 17539 is divided by 164.
155
What is the remainder when 797 is divided by 113?
6
Calculate the remainder when 434 is divided by 200.
34
Calculate the remainder when 223 is divided by 184.
39
Calculate the remainder when 204 is divided by 24.
12
What is the remainder when 51 is divided by 5?
1
What is the remainder when 4085 is divided by 29?
25
Calculate the remainder when 101 is divided by 29.
14
What is the remainder when 470 is divided by 32?
22
What is the remainder when 263 is divided by 8?
7
What is the remainder when 481 is divided by 172?
137
What is the remainder when 449 is divided by 8?
1
What is the remainder when 370 is divided by 12?
10
What is the remainder when 3043 is divided by 105?
103
What is the remainder when 60 is divided by 16?
12
What is the remainder when 174 is divided by 83?
8
What is the remainder when 1511 is divided by 89?
87
Calculate the remainder when 48 is divided by 25.
23
Calculate the remainder when 3958 is divided by 147.
136
Calculate the remainder when 2144 is divided by 1066.
12
What is the remainder when 2846 is divided by 37?
34
Calculate the remainder when 1014 is divided by 14.
6
Calculate the remainder when 130 is divided by 29.
14
What is the remainder when 879 is divided by 18?
15
What is the remainder when 142 is divided by 21?
16
Calculate the remainder when 264 is divided by 101.
62
What is the remainder when 599 is divided by 17?
4
Calculate the remainder when 5371 is divided by 25.
21
Calculate the remainder when 72 is divided by 23.
3
What is the remainder when 388 is divided by 8?
4
What is the remainder when 139 is divided by 10?
9
What is the remainder when 95 is divided by 7?
4
Calculate the remainder when 1325 is divided by 43.
35
Calculate the remainder when 2086 is divided by 116.
114
Calculate the remainder when 340 is divided by 55.
10
What is the remainder when 5777 is divided by 26?
5
Calculate the remainder when 94 is divided by 49.
45
Calculate the remainder when 15996 is divided by 291.
282
Calculate the remainder when 95 is divided by 33.
29
Calculate the remainder when 6577 is divided by 17.
15
Calculate the remainder when 558 is divided by 26.
12
Calculate the remainder when 2620 is divided by 26.
20
What is the remainder when 452 is divided by 22?
12
What is the remainder when 115 is divided by 17?
13
Calculate the remainder when 128 is divided by 67.
61
Calculate the remainder when 926 is divided by 916.
10
What is the remainder when 14381 is divided by 29?
26
Calculate the remainder when 13 is divided by 12.
1
What is the remainder when 22309 is divided by 201?
199
Calculate the remainder when 245 is divided by 176.
69
Calculate the remainder when 626 is divided by 292.
42
Calculate the remainder when 221 is divided by 146.
75
Calculate the remainder when 181 is divided by 49.
34
Calculate the remainder when 400 is divided by 313.
87
Calculate the remainder when 189 is divided by 25.
14
Calculate the remainder when 706 is divided by 139.
11
What is the remainder when 3505 is divided by 14?
5
What is the remainder when 3485 is divided by 32?
29
What is the remainder when 10914 is divided by 2180?
14
Calculate the remainder when 49 is divided by 12.
1
What is the remainder when 1564 is divided by 110?
24
Calculate the remainder when 290 is divided by 52.
30
What is the remainder when 435 is divided by 26?
19
What is the remainder when 396 is divided by 25?
21
What is the remainder when 430 is divided by 147?
136
What is the remainder when 1425 is divided by 23?
22
Calculate the remainder when 139 is divided by 24.
19
What is the remainder when 591 is divided by 75?
66
Calculate the remainder when 100 is divided by 45.
10
Calculate the remainder when 715 is divided by 37.
12
What is the remainder when 1230 is divided by 154?
152
Calculate the remainder when 398 is divided by 67.
63
What is the remainder when 469 is divided by 58?
5
What is the remainder when 4875 is divided by 23?
22
Calculate the remainder when 675 is divided by 21.
3
Calculate the remainder when 81 is divided by 29.
23
What is the remainder when 119 is divided by 82?
37
What is the remainder when 3715 is divided by 59?
57
What is the remainder when 164 is divided by 86?
78
Calculate the remainder when 196 is divided by 47.
8
What is the remainder when 2800 is divided by 39?
31
Calculate the remainder when 150 is divided by 123.
27
What is the remainder when 537 is divided by 139?
120
What is the remainder when 9 is divided by 7?
2
What is the remainder when 1582 is divided by 18?
16
What is the remainder when 10140 is divided by 207?
204
What is the rem